hat are the prime factors of d?
3, 7
Let q(b) = b**2 + 3*b - 4. Let f be (-3)/2*8/3. Let t be q(f). Suppose -5*l + 46 + 39 = t. What are the prime factors of l?
17
Let p(n) = n**3 - 2*n**2 - n + 3. Let b be 1 - (1*-2 - -2). Let a(q) = 4*q**3 - 2*q**2 + 1. Let w be a(b). List the prime factors of p(w).
3
Let b(n) = -n**3 + 2*n**2 - n + 2. Let f be b(2). Let x = f + 2. Suppose a + 2*a = x*r - 14, 21 = 3*r - 3*a. List the prime factors of r.
7
Suppose g - 323 = -5*k - 0*g, -113 = -2*k + 5*g. What are the prime factors of k?
2
Suppose v - 37 + 20 = 0. What are the prime factors of v?
17
Let r(j) = 9*j - 24. List the prime factors of r(10).
2, 3, 11
Suppose 2*t = -3*z + 46, -18 - 48 = -4*z - 5*t. List the prime factors of z.
2, 7
Let s(d) = 8*d - 9. Let z be s(6). Suppose 0 = 2*y + j - z, -2*y - 2*y - 3*j + 81 = 0. List the prime factors of y.
2, 3
List the prime factors of (31/(-10) + 2/(-5))*-16.
2, 7
Let g(k) = k**2 - k - 23. What are the prime factors of g(-14)?
11, 17
Suppose -6 = -4*x + 2. Suppose -4*z - 44 = -5*w + w, -55 = -5*w - x*z. List the prime factors of w.
11
Let l(b) = 3 + 5*b**2 - 3*b**2 - 2 - 2. Let z be l(2). Let r = 22 - z. What are the prime factors of r?
3, 5
Let x(m) = m + 4. Let o be x(3). Let f = o + 1. What are the prime factors of f?
2
Let a = -39 - -46. List the prime factors of a.
7
Suppose 4*g + 93 = 7*g. List the prime factors of g.
31
Let k(u) = 3*u**2 - 2*u - 1. Let f be k(-1). Let y be (-3 + f)*0/1. Suppose 5*c - 27 - 8 = y. List the prime factors of c.
7
Let t(m) = -m**3 - m**2 + m + 4. Let y be (1/2)/((-2)/(-20)). Suppose y*d = -4*g + 6*d - 8, -32 = 4*g + 5*d. List the prime factors of t(g).
19
Suppose -5*l = -25, 0 = -a + l - 3 + 5. What are the prime factors of a?
7
Suppose -5*r = -10, 3*s - 5*r + 2 = -s. Let t = 3 + s. Let m = t - 0. What are the prime factors of m?
5
Suppose -3*b - 5*k = -263, 4*b - 3*k - 399 = -0*b. What are the prime factors of b?
2, 3
Suppose -q + 33 = 3*j, 0 = -j + 3*j + 3*q - 15. Suppose 4*m - j = 40. List the prime factors of m.
13
List the prime factors of -17 - -17 - (0 - 44).
2, 11
Let o be 46/14 - 2/7. Suppose o*y - 62 - 16 = 0. Suppose 2*p = -0*p + y. List the prime factors of p.
13
Let w be -3 + 0 + 1 - -9. Let r(b) = w*b + 4 - 5 + 2. What are the prime factors of r(1)?
2
Let b(v) = v**3 - 2*v**2 - 4*v - 6. List the prime factors of b(4).
2, 5
Suppose 0 = -4*k + 8. Let a(c) = -2*c**2 - 2 - 8 + c**k - 10*c. List the prime factors of a(-8).
2, 3
Let s(c) = 4*c + 2. Let j be s(6). Suppose -3*t + t = -j. List the prime factors of t.
13
Let t(w) = w**2 + 1. Let m be t(4). Suppose -3*c - 4 = m. Let n = 12 + c. List the prime factors of n.
5
Let x = -60 - -69. List the prime factors of x.
3
Let s be (13/3)/(2/6). Let i be (69/(-12))/(2/(-8)). Let t = i - s. What are the prime factors of t?
2, 5
Suppose 3*x = 7*x - 16. List the prime factors of x.
2
Let y = 11 - -37. List the prime factors of y.
2, 3
Let r(w) = -w**2 + 5*w - 3. Let q be r(2). Let l = 26 - q. What are the prime factors of l?
23
Suppose 20 + 3 = d. Suppose 57 = 4*w - d. What are the prime factors of w?
2, 5
Let g(u) = 3*u**3 + 14*u**2 + 16*u - 13. Let t(p) = -p**3 - p**2 - p + 1. Let v(a) = g(a) + 4*t(a). What are the prime factors of v(11)?
2
Suppose -6*u + u = -50. Suppose -3*k - w = -u, -6*k + 2*k + 3*w = -9. List the prime factors of k.
3
Let h(v) = v**2 - 2*v + 5. Let q be h(4). Let j = q + -8. What are the prime factors of j?
5
Let v = 4 - 4. Suppose -19 = -g - v. Suppose -2 + g = m + d, 2*d - 76 = -5*m. What are the prime factors of m?
2, 7
Let j = 16 - 15. Let f be 1 + 0 + (1 - 0). List the prime factors of 2/f*(12 + j).
13
Let d = -19 - 25. Let n be (-2)/(-6) + d/(-12). Suppose -3*y + n + 14 = 0. List the prime factors of y.
2, 3
Let b = -5 - -7. Suppose 27 = b*y + 7. List the prime factors of y.
2, 5
List the prime factors of 2 + (-2 - 4) - -41.
37
Let k be ((-6)/(-15))/(3/(-15)). What are the prime factors of (2/(-6))/(k/78)?
13
What are the prime factors of (-5 + 16)/((-2)/(-18))?
3, 11
Let n be 6*((-21)/(-6) - 3). Let q be n*12/((-6)/(-3)). Suppose q = a - y, -2*y - 2 - 4 = 0. What are the prime factors of a?
3, 5
Let x = 508 + -180. List the prime factors of x.
2, 41
Let m be 8/(-20) - (-16)/(-10). Let t = 5 - m. List the prime factors of t.
7
What are the prime factors of (-1)/(-2) + (-59)/(-2) + 0?
2, 3, 5
Let x = 2 - 10. Let y(w) = w**3 + 9*w**2 + 3*w - 11. List the prime factors of y(x).
29
Let a(s) = -3*s**2 - 16*s + 4 + s**3 - 20*s + 22*s. What are the prime factors of a(6)?
2, 7
Let g = 30 - 17. Let d = -3 + g. List the prime factors of d.
2, 5
Let a(z) = -z - 3. Let x be a(-7). Suppose -i + x*t - 8 = 2*i, 3*i + 13 = 5*t. List the prime factors of i.
2
Let t = -82 + 160. List the prime factors of t.
2, 3, 13
Suppose -5*s - 1 = -3*y, 2*y - 44 = 5*y + 4*s. Let o(g) = -7*g - 8. List the prime factors of o(y).
2, 3
Suppose -2*o = 3*r - 102, -8*o + 4*o = -3*r + 84. Suppose -4*n + r = -0*n. What are the prime factors of n?
2
List the prime factors of -12*(245/(-15) + 4).
2, 37
Suppose -2*s + 18 = -5*s. Let f = s - -9. Suppose 13 + 38 = f*l. What are the prime factors of l?
17
Suppose -2*r + 2*a + 16 + 68 = 0, 0 = -5*r + 4*a + 208. List the prime factors of r.
2, 5
Let d(r) = r**2 + 7*r + 14. List the prime factors of d(-12).
2, 37
Let q be (1 + -2 - -39)*-1. Let u = q - -56. List the prime factors of (u/3)/(4/6).
3
Suppose 4 + 18 = f - 4*g, -g = -f + 7. Let w(a) = -4*a**2 - a + 2. Let v be w(f). Let r = v + 31. List the prime factors of r.
3, 5
Let w = -4 - -4. Suppose w*l + 4 = 2*l. List the prime factors of ((-3)/(-9))/(l/60).
2, 5
Suppose 5*z = -3*r + r + 115, 5*r + 17 = 2*z. Suppose -f + 3*c + 23 = 0, -3*c + z = 3*f - 0. What are the prime factors of f?
11
Let y(p) = -8*p - 5. Let v(k) = 1. Let s(m) = 4*v(m) - y(m). What are the prime factors of s(4)?
41
Let u(j) = -j**3 + 23*j**2 - 17*j - 5. What are the prime factors of u(22)?
3, 5, 7
Let m = -4 - -4. Suppose h - 6 + 1 = m. Suppose -2*f + h + 3 = 0. What are the prime factors of f?
2
Let i = -559 - -940. List the prime factors of i.
3, 127
Let n = 14 + 17. List the prime factors of n.
31
Let j = 266 + -150. Let c = j - 67. What are the prime factors of c?
7
Suppose -2*m + m = -3. Suppose 0 = 4*l - 4*w + 92, m*w = 2*l - 2*w + 34. What are the prime factors of (-1 - l/15)*5?
2
Suppose 2*f + 2*f = 120. Suppose u = -2*u + f. List the prime factors of u.
2, 5
Let m = -6 + 6. Let w = m + 9. List the prime factors of w.
3
Let f = 23 + 5. What are the prime factors of f?
2, 7
Suppose 5*q - 4 = -w + 3*w, 8 = 3*w - 4*q. Let f = 40 + w. Suppose -5*d + f = 3. What are the prime factors of d?
3
List the prime factors of -25*(181/(-15) + 28/42).
3, 5, 19
Let n(o) = -o**3 - 8*o**2 - 16*o - 13. What are the prime factors of n(-7)?
2, 5
Suppose 2*f - 5*i = -40, 3*f = f - i - 64. Let g = -16 - f. List the prime factors of g.
2, 7
Suppose 2*f - 3*o = f, 4*o - 10 = -2*f. Let p(c) = c**2 + 6*c + 7. Let b be p(-5). Suppose -b*w + f*w - 22 = 0. List the prime factors of w.
2, 11
Let l(q) = 2*q**2 - 4*q. Let z(w) = -4*w**2 + 8*w + 1. Let y(n) = 7*l(n) + 3*z(n). What are the prime factors of y(2)?
3
Let u = -50 + 78. List the prime factors of u.
2, 7
Suppose 0 = 20*z - 22 - 6498. What are the prime factors of z?
2, 163
Suppose -c + 3*c - 50 = 0. Let k = 68 - 30. Let n = k - c. List the prime factors of n.
13
Let g be ((-2)/(-4))/((-2)/4). Let j = 19 + g. Let x = -8 + j. List the prime factors of x.
2, 5
Suppose 2*w + 2*i - 6 = 4, 14 = w + 4*i. Let t = 7 - w. Suppose 5*d + 15 = t, 3*d = 2*y - 22. List the prime factors of y.
2
Let c be 2 + (-3)/(1*-3). Let s be (7 - -2)*(0 + c). Let a = s + -15. What are the prime factors of a?
2, 3
Suppose 2*k = 6*k - 12. Let l be k*(-5)/(-3)*1. Suppose 5*y + 3*f - 7 = 0, -2*f - 1 = l*y - 9. List the prime factors of y.
2
Let z be 5*-3*2/15. What are the prime factors of (-2)/(56/29 + z)?
29
Suppose 3*s = 5*s - 4. List the prime factors of (s/(-5))/((-5)/100).
2
Let x = 6 - -4. List the prime factors of 14/35 - (-36)/x.
2
Let r(p) = p**2 + 6*p - 11. Let q be r(-8). Suppose 0 = m - 5*i - 20 - 5, q*m - 4*i = 83. What are the prime factors of m?
3, 5
Let j be (3 - 6/(-3))/1. Suppose -6*g - 4*n + 71 = -g, j*n + 35 = 5*g. What are the prime fac